ate the highest common divisor of 1835424 and 1920.
96
What is the greatest common factor of 4416 and 1525376?
64
Calculate the greatest common divisor of 774065 and 530.
265
What is the greatest common factor of 51 and 7561039?
17
Calculate the greatest common divisor of 83580 and 2074376.
796
Calculate the highest common factor of 30681510 and 9990.
1110
Calculate the highest common divisor of 9 and 10286631.
9
What is the greatest common divisor of 62179611 and 351?
39
Calculate the greatest common factor of 326 and 480889609.
163
What is the greatest common divisor of 43 and 140363653?
43
Calculate the highest common divisor of 1969090 and 1643510.
2230
What is the highest common divisor of 306 and 565046?
34
What is the highest common divisor of 429248 and 6422?
38
Calculate the greatest common factor of 253598 and 108770.
298
What is the greatest common factor of 89146 and 22214?
58
What is the greatest common divisor of 4208090 and 90?
10
What is the greatest common divisor of 38769976 and 280?
56
Calculate the highest common divisor of 22164624 and 8.
8
What is the greatest common factor of 7650 and 200115?
45
Calculate the greatest common factor of 354 and 1171686723.
177
Calculate the highest common factor of 71740 and 66043.
211
What is the greatest common factor of 3256 and 2387869?
407
What is the greatest common factor of 150931936 and 96?
32
What is the greatest common divisor of 39 and 60771048?
39
Calculate the greatest common divisor of 48 and 173308624.
16
Calculate the greatest common divisor of 1130724 and 4900.
196
Calculate the highest common factor of 40257858 and 348.
174
What is the greatest common factor of 41948 and 8?
4
Calculate the greatest common divisor of 878085 and 628615.
1235
What is the highest common divisor of 98189212 and 25628?
596
What is the greatest common divisor of 16978 and 890942?
26
What is the highest common divisor of 12551 and 115577?
77
What is the highest common divisor of 5914297 and 5545?
1109
Calculate the greatest common factor of 22 and 2493164.
2
Calculate the highest common factor of 37664 and 161128.
88
What is the highest common factor of 1512 and 15017400?
216
Calculate the greatest common factor of 128 and 20470208.
64
Calculate the highest common divisor of 25680 and 17115.
15
Calculate the greatest common divisor of 1086544 and 8614.
118
Calculate the greatest common divisor of 82331896 and 212.
212
What is the highest common divisor of 20 and 7702500?
20
Calculate the highest common factor of 8400 and 13452112.
16
What is the greatest common divisor of 5819758614 and 306?
306
What is the greatest common divisor of 1574 and 73221693?
787
What is the highest common factor of 3169177 and 671?
11
Calculate the highest common factor of 357754 and 466.
2
What is the greatest common divisor of 60 and 1942302?
6
What is the greatest common divisor of 170 and 1781330?
10
Calculate the highest common factor of 145319406 and 202.
202
What is the greatest common divisor of 17283 and 19593984?
2469
What is the greatest common factor of 27072768 and 82176?
768
What is the greatest common factor of 29956 and 2372?
4
What is the greatest common factor of 1676332 and 32522?
322
What is the greatest common divisor of 4568016 and 6018?
354
What is the highest common divisor of 170872 and 50336?
104
What is the highest common divisor of 3534680 and 80?
40
What is the greatest common factor of 10029 and 1236?
3
What is the greatest common divisor of 21539 and 2567?
17
Calculate the highest common factor of 140426 and 212355.
143
What is the greatest common factor of 222943094 and 1186?
1186
Calculate the greatest common divisor of 5220 and 35943760.
580
Calculate the greatest common divisor of 138213 and 272335919.
5119
What is the highest common divisor of 10784 and 7077?
337
Calculate the greatest common divisor of 1845 and 3925305.
45
What is the greatest common divisor of 2290202 and 2323?
23
What is the highest common divisor of 17 and 257072096?
17
What is the highest common factor of 30 and 156318?
6
What is the highest common factor of 1252345 and 225735?
745
What is the greatest common factor of 6959850 and 25?
25
What is the greatest common divisor of 15570600 and 16?
8
Calculate the greatest common factor of 8512669 and 77.
11
Calculate the highest common factor of 10959762 and 35415.
2361
Calculate the greatest common factor of 23190 and 2785119.
2319
What is the highest common factor of 191403 and 53515?
139
What is the greatest common factor of 631712 and 760?
152
What is the highest common factor of 32072568 and 264?
264
What is the greatest common factor of 34119 and 13001123?
223
What is the greatest common divisor of 15639 and 110643?
39
Calculate the greatest common factor of 381 and 50640996.
381
Calculate the highest common divisor of 803275 and 16115.
55
Calculate the greatest common divisor of 900 and 4727388.
12
What is the highest common factor of 1512 and 9250920?
504
Calculate the highest common factor of 18049952 and 96.
32
What is the highest common divisor of 1743 and 98335827?
249
What is the greatest common divisor of 41200 and 1240?
40
What is the highest common divisor of 35 and 2259665?
5
What is the greatest common divisor of 1168 and 14189156?
292
Calculate the highest common factor of 20129538 and 638.
638
Calculate the highest common factor of 12826 and 290070.
22
Calculate the greatest common factor of 864 and 3446688.
96
What is the highest common factor of 1373196 and 192?
12
Calculate the highest common factor of 1754133 and 111.
111
What is the highest common divisor of 16615742 and 654?
218
Calculate the greatest common divisor of 29106 and 1314180.
882
Calculate the highest common divisor of 2994673 and 2684.
671
Calculate the highest common factor of 39 and 9535467.
3
Calculate the highest common divisor of 2176 and 170102.
34
What is the highest common factor of 198397200 and 24?
24
Calculate the greatest common divisor of 24178 and 1967053.
1727
Calculate the highest common factor of 4415152 and 806883.
3493
What is the highest common divisor of 29985 and 11312341?
1999
What is the highest common factor of 12 and 103879758?
6
What is the greatest common divisor of 198 and 117849?
3
Calculate the greatest common divisor of 6199614 and 18.
18
Calculate the highest common divisor of 50804 and 499148.
52
Calculate the highest common factor of 7482325 and 12700.
25
Calculate the highest common factor of 20627 and 16.
1
What is the highest common factor of 104 and 4565192?
8
What is the highest common factor of 98 and 942774?
14
Calculate the highest common factor of 1494 and 4279563.
747
What is the highest common factor of 359494 and 14359?
173
Calculate the highest common factor of 10626679 and 959.
959
What is the greatest common factor of 26008896 and 108?
12
What is the greatest common factor of 235468 and 11122681?
1591
Calculate the highest common factor of 483 and 72915276.
21
Calculate the highest common factor of 14484549 and 58719.
1587
Calculate the greatest common divisor of 378629046 and 2349.
783
What is the highest common divisor of 4244296 and 252?
28
Calculate the highest common divisor of 4751755 and 493.
17
Calculate the highest common divisor of 16095436 and 252.
28
Calculate the highest common factor of 588 and 2881788.
588
What is the highest common divisor of 729442 and 1085?
7
What is the greatest common divisor of 62226 and 183294?
18
Calculate the greatest common factor of 2940 and 131980.
20
Calculate the greatest common factor of 30566 and 128673.
493
What is the greatest common divisor of 357898 and 5080230?
2402
Calculate the highest common factor of 3564 and 154188.
36
What is the highest common factor of 639061 and 776309?
4289
Calculate the greatest common factor of 38 and 211228.
2
Calculate the greatest common factor of 17763 and 1427457.
93
Calculate the highest common divisor of 430440 and 12495.
255
Calculate the greatest common divisor of 5188651 and 65.
13
Calculate the greatest common divisor of 1419040 and 25760.
1120
Calculate the greatest common factor of 108 and 18347094.
54
Calculate the greatest common factor of 132516040 and 303.
101
What is the greatest common factor of 1203 and 87878348?
401
What i